e
Is 287 a factor of 3187135?
True
Is 850181 a multiple of 13?
False
Is 13910876 a multiple of 14?
True
Is 13172 a multiple of 2?
True
Does 422 divide 241384?
True
Is 89 a factor of 166786?
True
Does 55 divide 1394195?
True
Does 22 divide 176762?
False
Does 5 divide 89265?
True
Is 8567940 a multiple of 10?
True
Is 201 a factor of 1834551?
False
Is 1341 a factor of 1931015?
False
Does 42 divide 3948?
True
Is 33 a factor of 1480248?
True
Is 2944836 a multiple of 162?
True
Does 11 divide 490699?
True
Does 8 divide 18046?
False
Is 7 a factor of 954296?
True
Does 59 divide 264209?
False
Does 2390 divide 23751820?
True
Is 1442939 a multiple of 369?
False
Is 93 a factor of 3952407?
True
Does 656 divide 5466448?
True
Is 42 a factor of 539535?
False
Does 6 divide 158454?
True
Is 6 a factor of 867378?
True
Is 57 a factor of 255381?
False
Is 607980 a multiple of 12?
True
Does 472 divide 15675592?
True
Is 8073504 a multiple of 3?
True
Is 471518 a multiple of 281?
True
Is 274055 a multiple of 520?
False
Does 87 divide 262724?
False
Is 2567483 a multiple of 73?
True
Is 948816 a multiple of 12?
True
Is 598000 a multiple of 575?
True
Is 177854 a multiple of 284?
False
Is 46 a factor of 11365346?
False
Is 464002 a multiple of 131?
True
Does 2 divide 1098?
True
Is 736816 a multiple of 16?
True
Is 1252576 a multiple of 104?
True
Is 965 a factor of 6793600?
True
Is 1330747 a multiple of 54?
False
Is 7 a factor of 32346?
False
Is 1748096 a multiple of 37?
False
Is 86136 a multiple of 97?
True
Is 26 a factor of 6371144?
True
Does 71 divide 1809932?
True
Is 28377 a multiple of 27?
True
Is 565362 a multiple of 147?
True
Is 20 a factor of 815117?
False
Is 85 a factor of 52190?
True
Is 523476 a multiple of 10?
False
Is 103191 a multiple of 3?
True
Is 29 a factor of 157731?
True
Does 169 divide 1219306?
False
Is 10778 a multiple of 3?
False
Is 269 a factor of 492270?
True
Is 21 a factor of 2742379?
False
Is 16 a factor of 257376?
True
Is 31 a factor of 561501?
False
Does 123 divide 3755399?
False
Is 356354 a multiple of 13?
False
Is 56 a factor of 779351?
False
Is 3290693 a multiple of 18?
False
Is 15 a factor of 54170?
False
Is 3540 a multiple of 15?
True
Is 191 a factor of 3055236?
True
Is 6981 a multiple of 24?
False
Is 22 a factor of 38296?
False
Is 517 a factor of 1955811?
True
Does 15 divide 9255?
True
Is 1795489 a multiple of 31?
True
Is 805392 a multiple of 42?
True
Is 9360 a multiple of 15?
True
Is 1783582 a multiple of 153?
False
Does 917 divide 278768?
True
Is 9353286 a multiple of 18?
True
Is 41304 a multiple of 8?
True
Is 48 a factor of 1558994?
False
Does 19 divide 3383?
False
Does 13 divide 438750?
True
Is 83 a factor of 856062?
True
Is 45 a factor of 251430?
False
Is 1454642 a multiple of 946?
False
Does 56 divide 7091112?
True
Is 183 a factor of 1083991?
False
Is 40639 a multiple of 85?
False
Is 61 a factor of 382507?
False
Does 176 divide 126720?
True
Is 1110 a factor of 166500?
True
Does 114 divide 151317?
False
Is 1337700 a multiple of 637?
True
Does 57 divide 270368?
False
Does 49 divide 167433?
True
Is 17 a factor of 280058?
True
Is 1779840 a multiple of 144?
True
Is 7566672 a multiple of 12?
True
Does 363 divide 1157357?
False
Is 1048642 a multiple of 126?
False
Is 81345 a multiple of 400?
False
Is 13 a factor of 4629664?
True
Is 93 a factor of 51057?
True
Is 320403 a multiple of 201?
False
Is 24480 a multiple of 160?
True
Is 158 a factor of 21827858?
True
Does 6 divide 257877?
False
Is 2580894 a multiple of 40?
False
Is 23 a factor of 20735?
False
Is 774160 a multiple of 20?
True
Is 5216306 a multiple of 5?
False
Is 293506 a multiple of 122?
False
Is 521298 a multiple of 40?
False
Is 298 a factor of 746522?
False
Is 543906 a multiple of 33?
True
Is 17 a factor of 476964?
False
Is 13371508 a multiple of 199?
False
Is 1502732 a multiple of 14?
True
Does 108 divide 2745684?
True
Is 27456257 a multiple of 37?
True
Is 134 a factor of 118908?
False
Is 5528050 a multiple of 38?
True
Is 535177 a multiple of 44?
False
Is 59 a factor of 102034?
False
Is 913809 a multiple of 13?
True
Is 91 a factor of 5362734?
False
Is 3258068 a multiple of 13?
False
Is 326243 a multiple of 107?
True
Is 51204 a multiple of 68?
True
Does 2 divide 57827?
False
Is 858 a factor of 1135992?
True
Is 21633 a multiple of 197?
False
Is 19 a factor of 124229?
False
Does 20 divide 433452?
False
Does 2 divide 466819?
False
Is 496868 a multiple of 31?
True
Is 1737729 a multiple of 21?
True
Is 193477 a multiple of 78?
False
Does 7 divide 262304?
True
Is 89 a factor of 128605?
True
Does 531 divide 1320460?
False
Is 4 a factor of 9376460?
True
Does 14 divide 277900?
True
Is 36 a factor of 1499148?
True
Is 59 a factor of 6041?
False
Is 680 a factor of 221000?
True
Is 263529 a multiple of 128?
False
Is 220023 a multiple of 261?
True
Is 47 a factor of 132232?
False
Is 4847951 a multiple of 637?
False
Is 362182 a multiple of 47?
True
Does 16 divide 383971?
False
Does 333 divide 1276194?
False
Does 131 divide 122004?
False
Does 4 divide 37369?
False
Is 1561967 a multiple of 355?
False
Is 1187410 a multiple of 10?
True
Is 19 a factor of 1828788?
True
Does 22 divide 5458768?
False
Does 4 divide 959235?
False
Does 84 divide 36774444?
True
Does 108 divide 701568?
True
Is 43 a factor of 617566?
True
Does 621 divide 13126698?
True
Is 1388726 a multiple of 8?
False
Is 31 a factor of 21489088?
False
Is 589 a factor of 6189536?
False
Does 142 divide 5470550?
True
Is 61 a factor of 313052?
True
Is 3167262 a multiple of 126?
True
Is 285 a factor of 596220?
True
Does 28 divide 544852?
True
Is 452 a factor of 11645358?
False
Does 28 divide 2917040?
True
Is 787 a factor of 1810887?
True
Is 27 a factor of 5006593?
False
Is 32 a factor of 416721?
False
Is 99515 a multiple of 65?
True
Does 182 divide 283010?
True
Is 976816 a multiple of 2?
True
Does 5 divide 4327063?
False
Is 293248 a multiple of 79?
True
Does 57 divide 177765?
False
Does 31 divide 80290?
True
Is 2271280 a multiple of 158?
False
Is 263998 a multiple of 508?
False
Does 17 divide 237711?
True
Is 2761740 a multiple of 30?
True
Is 4 a factor of 18764?
True
Does 108 divide 390612?
False
Is 371 a factor of 2175912?
False
Is 3 a factor of 110870?
False
Is 6419 a multiple of 8?
False
Does 176 divide 648736?
True
Is 43392 a multiple of 96?
True
Is 3923612 a multiple of 16?
False
Is 59 a factor of 4657?
False
Is 5 a factor of 326450?
True
Is 223 a factor of 95659?
False
Is 21 a factor of 356006?
False
Is 54672 a multiple of 12?
True
Is 44 a factor of 7731173?
False
Is 232 a factor of 10145810?
False
Is 36032 a multiple of 19?
False
Does 362 divide 607434?
False
Is 200235 even?
False
Is 19 a factor of 1322292?
False
Is 10 a factor of 500980?
True
Does 423 divide 2447478?
True
Is 4578486 a multiple of 6?
True
Does 1233 divide 3046743?
True
Is 523017 a multiple of 891?
True
Is 133 a factor of 92435?
True
Is 18 a factor of 219307?
False
Is 88 a factor of 3318568?
True
Is 250 a factor of 1133258?
False
Does 13 divide 414544?
True
Does 64 divide 1194268?
False
Is 99 a factor of 5380126?
False
Is 151988 a multiple of 18?
False
Does 18 divide 26622?
True
Does 293 divide 757405?
True
Is 923 a factor of 8126178?
False
Is 15 a factor of 202275?
True
Is 4399373 a multiple of 62?
False
Is 143 a factor of 5916605?
False
Is 714150 a multiple of 15?
True
Is 1142000 a multiple of 400?
True
Is 21 a factor of 3219909?
True
Is 413970 a multiple of 24?
False
Is 397982 a multiple of 17?
False
Is 846615 a multiple of 170?
False
Is 55 a factor of 21992?
False
Is 78937 a multiple of 7?
False
Does 137 divide 2083770?
True
Is 130030 a multiple of 2?
True
Is 516 a factor of 399900?
True
Does 8 divide 41240?
True
Does 45 divide 3229407?
False
Is 103826 a multiple of 254?
False
Is 23 a factor of 78880?
False
Is 54109 a multiple of 11?
True
Is 142 a factor of 12489894?
True
Is 592801 a multiple of 20?
False
Is 595 a factor of 912730?
True
Does 1480 divide 12964763?
False
Does 2 divide 1815819?
False
Is 31 a factor of 45658?
False
Does 25 divide 814650?
True
Is 170384 a multiple of 46?
True
Does 87 divide 12559842?
True
Is 373 a factor of 2250682?
True
Is 327 a factor of 4589696?
False
Is 385664 a multiple of 736?
True
Is 9 a factor of 92994?
False
Is 319702 a multiple of 149?
Fal